[INFO] cloning repository https://github.com/caesarchad/test142
[INFO] running `Command { std: "git" "-c" "credential.helper=" "-c" "credential.helper=/workspace/cargo-home/bin/git-credential-null" "clone" "--bare" "https://github.com/caesarchad/test142" "/workspace/cache/git-repos/https%3A%2F%2Fgithub.com%2Fcaesarchad%2Ftest142", kill_on_drop: false }`
[INFO] [stderr] Cloning into bare repository '/workspace/cache/git-repos/https%3A%2F%2Fgithub.com%2Fcaesarchad%2Ftest142'...
[INFO] running `Command { std: "git" "rev-parse" "HEAD", kill_on_drop: false }`
[INFO] [stdout] 99b4fa144db0fe38e5b5273adb505e89786f3ffe
[INFO] checking caesarchad/test142 against master#e6e4f7ed1589e03bc2f6c5931c1a72e7947e8682 for beta-170-4
[INFO] running `Command { std: "git" "clone" "/workspace/cache/git-repos/https%3A%2F%2Fgithub.com%2Fcaesarchad%2Ftest142" "/workspace/builds/worker-2-tc2/source", kill_on_drop: false }`
[INFO] [stderr] Cloning into '/workspace/builds/worker-2-tc2/source'...
[INFO] [stderr] done.
[INFO] [stderr] Updating files:  10% (61/577)
Updating files:  11% (64/577)
Updating files:  12% (70/577)
Updating files:  13% (76/577)
Updating files:  14% (81/577)
Updating files:  15% (87/577)
Updating files:  16% (93/577)
Updating files:  17% (99/577)
Updating files:  18% (104/577)
Updating files:  19% (110/577)
Updating files:  20% (116/577)
Updating files:  21% (122/577)
Updating files:  22% (127/577)
Updating files:  23% (133/577)
Updating files:  24% (139/577)
Updating files:  25% (145/577)
Updating files:  26% (151/577)
Updating files:  27% (156/577)
Updating files:  28% (162/577)
Updating files:  29% (168/577)
Updating files:  30% (174/577)
Updating files:  31% (179/577)
Updating files:  32% (185/577)
Updating files:  33% (191/577)
Updating files:  34% (197/577)
Updating files:  35% (202/577)
Updating files:  36% (208/577)
Updating files:  37% (214/577)
Updating files:  38% (220/577)
Updating files:  39% (226/577)
Updating files:  40% (231/577)
Updating files:  41% (237/577)
Updating files:  42% (243/577)
Updating files:  43% (249/577)
Updating files:  44% (254/577)
Updating files:  45% (260/577)
Updating files:  46% (266/577)
Updating files:  47% (272/577)
Updating files:  48% (277/577)
Updating files:  49% (283/577)
Updating files:  50% (289/577)
Updating files:  51% (295/577)
Updating files:  52% (301/577)
Updating files:  53% (306/577)
Updating files:  54% (312/577)
Updating files:  55% (318/577)
Updating files:  56% (324/577)
Updating files:  57% (329/577)
Updating files:  58% (335/577)
Updating files:  59% (341/577)
Updating files:  60% (347/577)
Updating files:  61% (352/577)
Updating files:  62% (358/577)
Updating files:  63% (364/577)
Updating files:  64% (370/577)
Updating files:  65% (376/577)
Updating files:  66% (381/577)
Updating files:  67% (387/577)
Updating files:  68% (393/577)
Updating files:  69% (399/577)
Updating files:  70% (404/577)
Updating files:  71% (410/577)
Updating files:  72% (416/577)
Updating files:  73% (422/577)
Updating files:  74% (427/577)
Updating files:  75% (433/577)
Updating files:  76% (439/577)
Updating files:  77% (445/577)
Updating files:  78% (451/577)
Updating files:  79% (456/577)
Updating files:  80% (462/577)
Updating files:  81% (468/577)
Updating files:  82% (474/577)
Updating files:  83% (479/577)
Updating files:  84% (485/577)
Updating files:  85% (491/577)
Updating files:  86% (497/577)
Updating files:  87% (502/577)
Updating files:  88% (508/577)
Updating files:  89% (514/577)
Updating files:  90% (520/577)
Updating files:  91% (526/577)
Updating files:  92% (531/577)
Updating files:  93% (537/577)
Updating files:  94% (543/577)
Updating files:  95% (549/577)
Updating files:  96% (554/577)
Updating files:  97% (560/577)
Updating files:  98% (566/577)
Updating files:  99% (572/577)
Updating files: 100% (577/577)
Updating files: 100% (577/577), done.
[INFO] validating manifest of git repo https://github.com/caesarchad/test142 on toolchain e6e4f7ed1589e03bc2f6c5931c1a72e7947e8682
[INFO] running `Command { std: CARGO_HOME="/workspace/cargo-home" RUSTUP_HOME="/workspace/rustup-home" "/workspace/cargo-home/bin/cargo" "+e6e4f7ed1589e03bc2f6c5931c1a72e7947e8682" "metadata" "--manifest-path" "Cargo.toml" "--no-deps", kill_on_drop: false }`
[INFO] started tweaking git repo https://github.com/caesarchad/test142
[INFO] finished tweaking git repo https://github.com/caesarchad/test142
[INFO] tweaked toml for git repo https://github.com/caesarchad/test142 written to /workspace/builds/worker-2-tc2/source/Cargo.toml
[INFO] crate git repo https://github.com/caesarchad/test142 already has a lockfile, it will not be regenerated
[INFO] running `Command { std: CARGO_HOME="/workspace/cargo-home" RUSTUP_HOME="/workspace/rustup-home" "/workspace/cargo-home/bin/cargo" "+e6e4f7ed1589e03bc2f6c5931c1a72e7947e8682" "fetch" "--manifest-path" "Cargo.toml", kill_on_drop: false }`
[INFO] running `Command { std: "docker" "create" "-v" "/var/lib/crater-agent-workspace/builds/worker-2-tc2/target:/opt/rustwide/target:rw,Z" "-v" "/var/lib/crater-agent-workspace/builds/worker-2-tc2/source:/opt/rustwide/workdir:ro,Z" "-v" "/var/lib/crater-agent-workspace/cargo-home:/opt/rustwide/cargo-home:ro,Z" "-v" "/var/lib/crater-agent-workspace/rustup-home:/opt/rustwide/rustup-home:ro,Z" "-e" "SOURCE_DIR=/opt/rustwide/workdir" "-e" "CARGO_TARGET_DIR=/opt/rustwide/target" "-e" "CARGO_HOME=/opt/rustwide/cargo-home" "-e" "RUSTUP_HOME=/opt/rustwide/rustup-home" "-w" "/opt/rustwide/workdir" "-m" "1610612736" "--user" "0:0" "--network" "none" "ghcr.io/rust-lang/crates-build-env/linux@sha256:19e73879b68f455e41552ea35293514db52ea292d993f571636dbffedb77a1ee" "/opt/rustwide/cargo-home/bin/cargo" "+e6e4f7ed1589e03bc2f6c5931c1a72e7947e8682" "metadata" "--no-deps" "--format-version=1", kill_on_drop: false }`
[INFO] [stdout] d93c9cbe27305b742865d8ffe3dbfd5ed984f320f2de5b5d3ff15eee91388eaf
[INFO] running `Command { std: "docker" "start" "-a" "d93c9cbe27305b742865d8ffe3dbfd5ed984f320f2de5b5d3ff15eee91388eaf", kill_on_drop: false }`
[INFO] running `Command { std: "docker" "inspect" "d93c9cbe27305b742865d8ffe3dbfd5ed984f320f2de5b5d3ff15eee91388eaf", kill_on_drop: false }`
[INFO] running `Command { std: "docker" "rm" "-f" "d93c9cbe27305b742865d8ffe3dbfd5ed984f320f2de5b5d3ff15eee91388eaf", kill_on_drop: false }`
[INFO] [stdout] d93c9cbe27305b742865d8ffe3dbfd5ed984f320f2de5b5d3ff15eee91388eaf
[INFO] running `Command { std: "docker" "create" "-v" "/var/lib/crater-agent-workspace/builds/worker-2-tc2/target:/opt/rustwide/target:rw,Z" "-v" "/var/lib/crater-agent-workspace/builds/worker-2-tc2/source:/opt/rustwide/workdir:ro,Z" "-v" "/var/lib/crater-agent-workspace/cargo-home:/opt/rustwide/cargo-home:ro,Z" "-v" "/var/lib/crater-agent-workspace/rustup-home:/opt/rustwide/rustup-home:ro,Z" "-e" "SOURCE_DIR=/opt/rustwide/workdir" "-e" "CARGO_TARGET_DIR=/opt/rustwide/target" "-e" "CARGO_INCREMENTAL=0" "-e" "RUST_BACKTRACE=full" "-e" "RUSTFLAGS=--cap-lints=forbid" "-e" "RUSTDOCFLAGS=--cap-lints=forbid" "-e" "CARGO_HOME=/opt/rustwide/cargo-home" "-e" "RUSTUP_HOME=/opt/rustwide/rustup-home" "-w" "/opt/rustwide/workdir" "-m" "1610612736" "--user" "0:0" "--network" "none" "ghcr.io/rust-lang/crates-build-env/linux@sha256:19e73879b68f455e41552ea35293514db52ea292d993f571636dbffedb77a1ee" "/opt/rustwide/cargo-home/bin/cargo" "+e6e4f7ed1589e03bc2f6c5931c1a72e7947e8682" "check" "--frozen" "--all" "--all-targets" "--message-format=json", kill_on_drop: false }`
[INFO] [stdout] 63dc6595a34f9fac4462fd3ed1744e0d8ee55c4b7cf5da1ce5e1681c80d2e697
[INFO] running `Command { std: "docker" "start" "-a" "63dc6595a34f9fac4462fd3ed1744e0d8ee55c4b7cf5da1ce5e1681c80d2e697", kill_on_drop: false }`
[INFO] [stderr]    Compiling libc v0.2.51
[INFO] [stderr]    Compiling arrayvec v0.4.10
[INFO] [stderr]     Checking cfg-if v0.1.7
[INFO] [stderr]    Compiling autocfg v0.1.2
[INFO] [stderr]    Compiling rayon-core v1.4.1
[INFO] [stderr]    Compiling lazy_static v1.3.0
[INFO] [stderr]    Compiling rayon v1.0.3
[INFO] [stderr]    Compiling scopeguard v0.3.3
[INFO] [stderr]    Compiling nodrop v0.1.13
[INFO] [stderr]    Compiling crossbeam-utils v0.2.2
[INFO] [stderr]    Compiling memoffset v0.2.1
[INFO] [stderr]    Compiling either v1.5.1
[INFO] [stderr]    Compiling byteorder v1.3.1
[INFO] [stderr]    Compiling proc-macro2 v0.4.27
[INFO] [stderr]    Compiling unicode-xid v0.1.0
[INFO] [stderr]    Compiling syn v0.15.29
[INFO] [stderr]     Checking log v0.4.6
[INFO] [stderr]    Compiling rand_pcg v0.1.2
[INFO] [stderr]    Compiling rand_chacha v0.1.1
[INFO] [stderr]     Checking rand_core v0.4.0
[INFO] [stderr]    Compiling crossbeam-epoch v0.3.1
[INFO] [stderr]    Compiling num_cpus v1.10.0
[INFO] [stderr]    Compiling rand v0.6.5
[INFO] [stderr]     Checking rand_core v0.3.1
[INFO] [stderr]    Compiling serde v1.0.90
[INFO] [stderr]     Checking rand_isaac v0.1.1
[INFO] [stderr]     Checking rand_os v0.1.3
[INFO] [stderr]     Checking rand_xorshift v0.1.1
[INFO] [stderr]     Checking rand_hc v0.1.0
[INFO] [stderr]     Checking rand_jitter v0.1.3
[INFO] [stderr]    Compiling crossbeam-deque v0.2.0
[INFO] [stderr]    Compiling memchr v2.2.0
[INFO] [stderr]    Compiling regex v1.1.2
[INFO] [stderr]     Checking ucd-util v0.1.3
[INFO] [stderr]    Compiling quote v0.6.11
[INFO] [stderr]    Compiling typenum v1.10.0
[INFO] [stderr]     Checking itoa v0.4.3
[INFO] [stderr]     Checking regex-syntax v0.6.5
[INFO] [stderr]     Checking time v0.1.42
[INFO] [stderr]     Checking thread_local v0.3.6
[INFO] [stderr]     Checking aho-corasick v0.6.10
[INFO] [stderr]     Checking utf8-ranges v1.0.2
[INFO] [stderr]    Compiling backtrace v0.3.14
[INFO] [stderr]    Compiling ryu v0.2.7
[INFO] [stderr]    Compiling num-traits v0.2.6
[INFO] [stderr]    Compiling semver-parser v0.7.0
[INFO] [stderr]     Checking smallvec v0.6.9
[INFO] [stderr]    Compiling failure_derive v0.1.5
[INFO] [stderr]    Compiling semver v0.9.0
[INFO] [stderr]    Compiling bincode v1.1.3
[INFO] [stderr]    Compiling rustc_version v0.2.3
[INFO] [stderr]    Compiling cc v1.0.31
[INFO] [stderr]     Checking futures v0.1.25
[INFO] [stderr]    Compiling num-integer v0.1.39
[INFO] [stderr]     Checking iovec v0.1.2
[INFO] [stderr]     Checking atty v0.2.11
[INFO] [stderr]     Checking rustc-demangle v0.1.13
[INFO] [stderr]     Checking generic-array v0.12.2
[INFO] [stderr]     Checking crossbeam-utils v0.6.5
[INFO] [stderr]     Checking fake-simd v0.1.2
[INFO] [stderr]     Checking fnv v1.0.6
[INFO] [stderr]     Checking slab v0.4.2
[INFO] [stderr]    Compiling backtrace-sys v0.1.28
[INFO] [stderr]    Compiling clear_on_drop v0.2.3
[INFO] [stderr]    Compiling digest v0.8.0
[INFO] [stderr]     Checking byte-tools v0.3.1
[INFO] [stderr]    Compiling subtle v2.0.0
[INFO] [stderr]     Checking block-padding v0.1.3
[INFO] [stderr]     Checking bytes v0.4.12
[INFO] [stderr]    Compiling parking_lot_core v0.4.0
[INFO] [stderr]    Compiling version_check v0.1.5
[INFO] [stderr]     Checking stable_deref_trait v1.1.1
[INFO] [stderr]     Checking owning_ref v0.4.0
[INFO] [stderr]     Checking block-buffer v0.7.0
[INFO] [stderr]    Compiling num-derive v0.2.5
[INFO] [stderr]     Checking opaque-debug v0.2.2
[INFO] [stderr]    Compiling curve25519-dalek v1.1.3
[INFO] [stderr]     Checking sha2 v0.8.0
[INFO] [stderr]     Checking lock_api v0.1.5
[INFO] [stderr]     Checking tokio-executor v0.1.7
[INFO] [stderr]     Checking net2 v0.2.33
[INFO] [stderr]     Checking untrusted v0.6.2
[INFO] [stderr]     Checking lazycell v1.2.1
[INFO] [stderr]     Checking parking_lot v0.7.1
[INFO] [stderr]     Checking tokio-io v0.1.12
[INFO] [stderr]     Checking itertools v0.8.0
[INFO] [stderr]     Checking bs58 v0.2.2
[INFO] [stderr]     Checking mio v0.6.16
[INFO] [stderr]     Checking hex v0.3.2
[INFO] [stderr]     Checking quick-error v1.2.2
[INFO] [stderr]     Checking bitflags v1.0.4
[INFO] [stderr]     Checking humantime v1.2.0
[INFO] [stderr]     Checking termcolor v1.0.4
[INFO] [stderr]     Checking tokio-sync v0.1.4
[INFO] [stderr]     Checking crossbeam-epoch v0.7.1
[INFO] [stderr]     Checking tokio-codec v0.1.1
[INFO] [stderr]     Checking crossbeam-queue v0.1.2
[INFO] [stderr]     Checking mio-uds v0.6.7
[INFO] [stderr]     Checking tokio-reactor v0.1.9
[INFO] [stderr]     Checking env_logger v0.6.1
[INFO] [stderr]     Checking tokio-current-thread v0.1.6
[INFO] [stderr]     Checking tokio-timer v0.2.10
[INFO] [stderr]     Checking crossbeam-deque v0.7.1
[INFO] [stderr]    Compiling synstructure v0.10.1
[INFO] [stderr]     Checking tokio-threadpool v0.1.13
[INFO] [stderr]    Compiling unicase v1.4.2
[INFO] [stderr]     Checking tokio-udp v0.1.3
[INFO] [stderr]     Checking tokio-tcp v0.1.3
[INFO] [stderr]     Checking tokio-uds v0.2.5
[INFO] [stderr]     Checking tokio-trace-core v0.1.0
[INFO] [stderr]     Checking solana-logger v0.14.2 (/opt/rustwide/workdir/logger)
[INFO] [stdout] warning: use of deprecated constant `std::sync::ONCE_INIT`: the `new` function is now preferred
[INFO] [stdout]  --> logger/src/lib.rs:5:23
[INFO] [stdout]   |
[INFO] [stdout] 5 | use std::sync::{Once, ONCE_INIT};
[INFO] [stdout]   |                       ^^^^^^^^^
[INFO] [stdout]   |
[INFO] [stdout]   = note: `#[warn(deprecated)]` on by default
[INFO] [stdout] 
[INFO] [stdout] 
[INFO] [stdout] warning: use of deprecated constant `std::sync::ONCE_INIT`: the `new` function is now preferred
[INFO] [stdout]  --> logger/src/lib.rs:7:21
[INFO] [stdout]   |
[INFO] [stdout] 7 | static INIT: Once = ONCE_INIT;
[INFO] [stdout]   |                     ^^^^^^^^^
[INFO] [stdout]   |
[INFO] [stdout] help: replace the use of the deprecated constant
[INFO] [stdout]   |
[INFO] [stdout] 7 | static INIT: Once = Once::new();
[INFO] [stdout]   |                     ~~~~~~~~~~~
[INFO] [stdout] 
[INFO] [stdout] 
[INFO] [stderr]     Checking matches v0.1.8
[INFO] [stdout] warning: 2 warnings emitted
[INFO] [stdout] 
[INFO] [stdout] 
[INFO] [stderr]     Checking unicode-normalization v0.1.8
[INFO] [stderr]    Compiling httparse v1.3.3
[INFO] [stderr]     Checking unicode-bidi v0.3.4
[INFO] [stderr]     Checking tokio-fs v0.1.6
[INFO] [stderr]    Compiling pkg-config v0.3.14
[INFO] [stderr]     Checking percent-encoding v1.0.1
[INFO] [stderr]    Compiling unicase v2.3.0
[INFO] [stderr]     Checking tokio v0.1.18
[INFO] [stderr]    Compiling build_const v0.2.1
[INFO] [stderr]     Checking indexmap v1.0.2
[INFO] [stderr]    Compiling crc v1.8.1
[INFO] [stderr]    Compiling openssl-sys v0.9.42
[INFO] [stderr]     Checking idna v0.1.5
[INFO] [stderr]    Compiling openssl v0.10.19
[INFO] [stderr]    Compiling siphasher v0.2.3
[INFO] [stderr]     Checking foreign-types-shared v0.1.1
[INFO] [stderr]     Checking foreign-types v0.3.2
[INFO] [stderr]     Checking http v0.1.16
[INFO] [stderr]     Checking url v1.7.2
[INFO] [stderr]     Checking try-lock v0.2.2
[INFO] [stderr]    Compiling phf_shared v0.7.24
[INFO] [stderr]    Compiling native-tls v0.2.2
[INFO] [stderr]     Checking string v0.1.3
[INFO] [stderr] The following warnings were emitted during compilation:
[INFO] [stderr] 
[INFO] [stderr] warning: build/expando.c:4:24: error: pasting "RUST_VERSION_OPENSSL_" and "(" does not give a valid preprocessing token
[INFO] [stderr] warning:     4 | #define VERSION2(n, v) RUST_VERSION_##n##_##v
[INFO] [stderr] warning:       |                        ^~~~~~~~~~~~~
[INFO] [stderr] warning: build/expando.c:5:23: note: in expansion of macro 'VERSION2'
[INFO] [stderr] warning:     5 | #define VERSION(n, v) VERSION2(n, v)
[INFO] [stderr] warning:       |                       ^~~~~~~~
[INFO] [stderr] warning: build/expando.c:10:1: note: in expansion of macro 'VERSION'
[INFO] [stderr] warning:    10 | VERSION(OPENSSL, OPENSSL_VERSION_NUMBER)
[INFO] [stderr] warning:       | ^~~~~~~
[INFO] [stderr] 
[INFO] [stderr] error: failed to run custom build command for `openssl-sys v0.9.42`
[INFO] [stderr] note: To improve backtraces for build dependencies, set the CARGO_PROFILE_DEV_BUILD_OVERRIDE_DEBUG=true environment variable to enable debug information generation.
[INFO] [stderr] 
[INFO] [stderr] Caused by:
[INFO] [stderr]   process didn't exit successfully: `/opt/rustwide/target/debug/build/openssl-sys-1a0b7ae481dd5537/build-script-main` (exit status: 101)
[INFO] [stderr]   --- stdout
[INFO] [stderr]   cargo:rustc-cfg=const_fn
[INFO] [stderr]   cargo:rerun-if-env-changed=X86_64_UNKNOWN_LINUX_GNU_OPENSSL_LIB_DIR
[INFO] [stderr]   X86_64_UNKNOWN_LINUX_GNU_OPENSSL_LIB_DIR unset
[INFO] [stderr]   cargo:rerun-if-env-changed=OPENSSL_LIB_DIR
[INFO] [stderr]   OPENSSL_LIB_DIR unset
[INFO] [stderr]   cargo:rerun-if-env-changed=X86_64_UNKNOWN_LINUX_GNU_OPENSSL_INCLUDE_DIR
[INFO] [stderr]   X86_64_UNKNOWN_LINUX_GNU_OPENSSL_INCLUDE_DIR unset
[INFO] [stderr]   cargo:rerun-if-env-changed=OPENSSL_INCLUDE_DIR
[INFO] [stderr]   OPENSSL_INCLUDE_DIR unset
[INFO] [stderr]   cargo:rerun-if-env-changed=X86_64_UNKNOWN_LINUX_GNU_OPENSSL_DIR
[INFO] [stderr]   X86_64_UNKNOWN_LINUX_GNU_OPENSSL_DIR unset
[INFO] [stderr]   cargo:rerun-if-env-changed=OPENSSL_DIR
[INFO] [stderr]   OPENSSL_DIR unset
[INFO] [stderr]   cargo:rustc-link-lib=ssl
[INFO] [stderr]   cargo:rustc-link-lib=crypto
[INFO] [stderr]   OPT_LEVEL = Some("0")
[INFO] [stderr]   TARGET = Some("x86_64-unknown-linux-gnu")
[INFO] [stderr]   HOST = Some("x86_64-unknown-linux-gnu")
[INFO] [stderr]   CC_x86_64-unknown-linux-gnu = None
[INFO] [stderr]   CC_x86_64_unknown_linux_gnu = None
[INFO] [stderr]   HOST_CC = None
[INFO] [stderr]   CC = None
[INFO] [stderr]   CFLAGS_x86_64-unknown-linux-gnu = None
[INFO] [stderr]   CFLAGS_x86_64_unknown_linux_gnu = None
[INFO] [stderr]   HOST_CFLAGS = None
[INFO] [stderr]   CFLAGS = None
[INFO] [stderr]   CRATE_CC_NO_DEFAULTS = None
[INFO] [stderr]   DEBUG = Some("true")
[INFO] [stderr]   CARGO_CFG_TARGET_FEATURE = Some("fxsr,sse,sse2")
[INFO] [stderr]   running: "cc" "-O0" "-ffunction-sections" "-fdata-sections" "-fPIC" "-g" "-fno-omit-frame-pointer" "-m64" "-Wall" "-Wextra" "-E" "build/expando.c"
[INFO] [stderr]   cargo:warning=build/expando.c:4:24: error: pasting "RUST_VERSION_OPENSSL_" and "(" does not give a valid preprocessing token
[INFO] [stderr]   cargo:warning=    4 | #define VERSION2(n, v) RUST_VERSION_##n##_##v
[INFO] [stderr]   cargo:warning=      |                        ^~~~~~~~~~~~~
[INFO] [stderr]   cargo:warning=build/expando.c:5:23: note: in expansion of macro 'VERSION2'
[INFO] [stderr]   cargo:warning=    5 | #define VERSION(n, v) VERSION2(n, v)
[INFO] [stderr]   cargo:warning=      |                       ^~~~~~~~
[INFO] [stderr]   cargo:warning=build/expando.c:10:1: note: in expansion of macro 'VERSION'
[INFO] [stderr]   cargo:warning=   10 | VERSION(OPENSSL, OPENSSL_VERSION_NUMBER)
[INFO] [stderr]   cargo:warning=      | ^~~~~~~
[INFO] [stderr]   exit status: 1
[INFO] [stderr] 
[INFO] [stderr]   --- stderr
[INFO] [stderr]   thread 'main' panicked at '
[INFO] [stderr]   Header expansion error:
[INFO] [stderr]   Error { kind: ToolExecError, message: "Command \"cc\" \"-O0\" \"-ffunction-sections\" \"-fdata-sections\" \"-fPIC\" \"-g\" \"-fno-omit-frame-pointer\" \"-m64\" \"-Wall\" \"-Wextra\" \"-E\" \"build/expando.c\" with args \"cc\" did not execute successfully (status code exit status: 1)." }
[INFO] [stderr] 
[INFO] [stderr]   Failed to find OpenSSL development headers.
[INFO] [stderr] 
[INFO] [stderr]   You can try fixing this setting the `OPENSSL_DIR` environment variable
[INFO] [stderr]   pointing to your OpenSSL installation or installing OpenSSL headers package
[INFO] [stderr]   specific to your distribution:
[INFO] [stderr] 
[INFO] [stderr]       # On Ubuntu
[INFO] [stderr]       sudo apt-get install libssl-dev
[INFO] [stderr]       # On Arch Linux
[INFO] [stderr]       sudo pacman -S openssl
[INFO] [stderr]       # On Fedora
[INFO] [stderr]       sudo dnf install openssl-devel
[INFO] [stderr] 
[INFO] [stderr]   See rust-openssl README for more information:
[INFO] [stderr] 
[INFO] [stderr]       https://github.com/sfackler/rust-openssl#linux
[INFO] [stderr]   ', /opt/rustwide/cargo-home/registry/src/index.crates.io-6f17d22bba15001f/openssl-sys-0.9.42/build/main.rs:126:13
[INFO] [stderr]   stack backtrace:
[INFO] [stderr]      0:     0x5601eb13f071 - std::backtrace_rs::backtrace::libunwind::trace::ha9d9de1bf4176bfa
[INFO] [stderr]                                  at /rustc/e6e4f7ed1589e03bc2f6c5931c1a72e7947e8682/library/std/src/../../backtrace/src/backtrace/libunwind.rs:93:5
[INFO] [stderr]      1:     0x5601eb13f071 - std::backtrace_rs::backtrace::trace_unsynchronized::h165c36ef694ada1c
[INFO] [stderr]                                  at /rustc/e6e4f7ed1589e03bc2f6c5931c1a72e7947e8682/library/std/src/../../backtrace/src/backtrace/mod.rs:66:5
[INFO] [stderr]      2:     0x5601eb13f071 - std::sys_common::backtrace::_print_fmt::h4d89c7ce1e89b43d
[INFO] [stderr]                                  at /rustc/e6e4f7ed1589e03bc2f6c5931c1a72e7947e8682/library/std/src/sys_common/backtrace.rs:65:5
[INFO] [stderr]      3:     0x5601eb13f071 - <std::sys_common::backtrace::_print::DisplayBacktrace as core::fmt::Display>::fmt::hfc68e8a2f3b7b37c
[INFO] [stderr]                                  at /rustc/e6e4f7ed1589e03bc2f6c5931c1a72e7947e8682/library/std/src/sys_common/backtrace.rs:44:22
[INFO] [stderr]      4:     0x5601eb160f5f - core::fmt::rt::Argument::fmt::hc7dd5538f3de21b7
[INFO] [stderr]                                  at /rustc/e6e4f7ed1589e03bc2f6c5931c1a72e7947e8682/library/core/src/fmt/rt.rs:138:9
[INFO] [stderr]      5:     0x5601eb160f5f - core::fmt::write::hac9705ca9b43c249
[INFO] [stderr]                                  at /rustc/e6e4f7ed1589e03bc2f6c5931c1a72e7947e8682/library/core/src/fmt/mod.rs:1094:21
[INFO] [stderr]      6:     0x5601eb13c7b1 - std::io::Write::write_fmt::h7bc9466b47d6774b
[INFO] [stderr]                                  at /rustc/e6e4f7ed1589e03bc2f6c5931c1a72e7947e8682/library/std/src/io/mod.rs:1713:15
[INFO] [stderr]      7:     0x5601eb13ee85 - std::sys_common::backtrace::_print::h03072469d8150f3e
[INFO] [stderr]                                  at /rustc/e6e4f7ed1589e03bc2f6c5931c1a72e7947e8682/library/std/src/sys_common/backtrace.rs:47:5
[INFO] [stderr]      8:     0x5601eb13ee85 - std::sys_common::backtrace::print::hd0f67791f02b87ae
[INFO] [stderr]                                  at /rustc/e6e4f7ed1589e03bc2f6c5931c1a72e7947e8682/library/std/src/sys_common/backtrace.rs:34:9
[INFO] [stderr]      9:     0x5601eb140557 - std::panicking::default_hook::{{closure}}::h7c8ccb2c703d1528
[INFO] [stderr]     10:     0x5601eb140344 - std::panicking::default_hook::h770c31d58b53801e
[INFO] [stderr]                                  at /rustc/e6e4f7ed1589e03bc2f6c5931c1a72e7947e8682/library/std/src/panicking.rs:288:9
[INFO] [stderr]     11:     0x5601eb140a0c - std::panicking::rust_panic_with_hook::hb50e58c42f5187f2
[INFO] [stderr]                                  at /rustc/e6e4f7ed1589e03bc2f6c5931c1a72e7947e8682/library/std/src/panicking.rs:705:13
[INFO] [stderr]     12:     0x5601eb140907 - std::panicking::begin_panic_handler::{{closure}}::h4d6093b91efbd52e
[INFO] [stderr]                                  at /rustc/e6e4f7ed1589e03bc2f6c5931c1a72e7947e8682/library/std/src/panicking.rs:597:13
[INFO] [stderr]     13:     0x5601eb13f4a6 - std::sys_common::backtrace::__rust_end_short_backtrace::h318963d1ef4510cb
[INFO] [stderr]                                  at /rustc/e6e4f7ed1589e03bc2f6c5931c1a72e7947e8682/library/std/src/sys_common/backtrace.rs:151:18
[INFO] [stderr]     14:     0x5601eb140652 - rust_begin_unwind
[INFO] [stderr]                                  at /rustc/e6e4f7ed1589e03bc2f6c5931c1a72e7947e8682/library/std/src/panicking.rs:593:5
[INFO] [stderr]     15:     0x5601eb0ab693 - core::panicking::panic_fmt::h6ce9f4b93775846b
[INFO] [stderr]                                  at /rustc/e6e4f7ed1589e03bc2f6c5931c1a72e7947e8682/library/core/src/panicking.rs:67:14
[INFO] [stderr]     16:     0x5601eb0afbe3 - build_script_main::validate_headers::h780172c73f800b0d
[INFO] [stderr]     17:     0x5601eb0b579a - build_script_main::find::try_pkg_config::h14d2dc3dbf665ff7
[INFO] [stderr]     18:     0x5601eb0b462a - build_script_main::find::find_openssl_dir::h7aa2cb44c6c6d386
[INFO] [stderr]     19:     0x5601eb0b4472 - build_script_main::find::get_openssl::{{closure}}::h3b72bfcd233c7040
[INFO] [stderr]     20:     0x5601eb0b70c9 - core::option::Option<T>::unwrap_or_else::h6844a28bdb6c9a2b
[INFO] [stderr]     21:     0x5601eb0b4261 - build_script_main::find::get_openssl::h109bc38a961ef757
[INFO] [stderr]     22:     0x5601eb0ad805 - build_script_main::main::h818b78ce6a29d4e7
[INFO] [stderr]     23:     0x5601eb0b2353 - core::ops::function::FnOnce::call_once::h3900faab342be661
[INFO] [stderr]     24:     0x5601eb0b6f06 - std::sys_common::backtrace::__rust_begin_short_backtrace::ha03f51c6ca878710
[INFO] [stderr]     25:     0x5601eb0b1019 - std::rt::lang_start::{{closure}}::h776412914ced280b
[INFO] [stderr]     26:     0x5601eb138d65 - core::ops::function::impls::<impl core::ops::function::FnOnce<A> for &F>::call_once::hb332f02ff9fc81e2
[INFO] [stderr]                                  at /rustc/e6e4f7ed1589e03bc2f6c5931c1a72e7947e8682/library/core/src/ops/function.rs:284:13
[INFO] [stderr]     27:     0x5601eb138d65 - std::panicking::try::do_call::hed879afea606d968
[INFO] [stderr]                                  at /rustc/e6e4f7ed1589e03bc2f6c5931c1a72e7947e8682/library/std/src/panicking.rs:500:40
[INFO] [stderr]     28:     0x5601eb138d65 - std::panicking::try::h395a878f3e4bd2f0
[INFO] [stderr]                                  at /rustc/e6e4f7ed1589e03bc2f6c5931c1a72e7947e8682/library/std/src/panicking.rs:464:19
[INFO] [stderr]     29:     0x5601eb138d65 - std::panic::catch_unwind::hb44b6ea043448d57
[INFO] [stderr]                                  at /rustc/e6e4f7ed1589e03bc2f6c5931c1a72e7947e8682/library/std/src/panic.rs:142:14
[INFO] [stderr]     30:     0x5601eb138d65 - std::rt::lang_start_internal::{{closure}}::h6184ba9e5b3e5fbf
[INFO] [stderr]                                  at /rustc/e6e4f7ed1589e03bc2f6c5931c1a72e7947e8682/library/std/src/rt.rs:148:48
[INFO] [stderr]     31:     0x5601eb138d65 - std::panicking::try::do_call::h8b2c97d4d3608274
[INFO] [stderr]                                  at /rustc/e6e4f7ed1589e03bc2f6c5931c1a72e7947e8682/library/std/src/panicking.rs:500:40
[INFO] [stderr]     32:     0x5601eb138d65 - std::panicking::try::hfa4cc536e097f1fe
[INFO] [stderr]                                  at /rustc/e6e4f7ed1589e03bc2f6c5931c1a72e7947e8682/library/std/src/panicking.rs:464:19
[INFO] [stderr]     33:     0x5601eb138d65 - std::panic::catch_unwind::ha3e2192625bb4844
[INFO] [stderr]                                  at /rustc/e6e4f7ed1589e03bc2f6c5931c1a72e7947e8682/library/std/src/panic.rs:142:14
[INFO] [stderr]     34:     0x5601eb138d65 - std::rt::lang_start_internal::hbd6687884d030770
[INFO] [stderr]                                  at /rustc/e6e4f7ed1589e03bc2f6c5931c1a72e7947e8682/library/std/src/rt.rs:148:20
[INFO] [stderr]     35:     0x5601eb0b0ff7 - std::rt::lang_start::hca9cbdd5786b9fd6
[INFO] [stderr]     36:     0x5601eb0b08f5 - main
[INFO] [stderr]     37:     0x7f64f8133d90 - <unknown>
[INFO] [stderr]     38:     0x7f64f8133e40 - __libc_start_main
[INFO] [stderr]     39:     0x5601eb0abe25 - _start
[INFO] [stderr]     40:                0x0 - <unknown>
[INFO] [stderr] warning: build failed, waiting for other jobs to finish...
[INFO] running `Command { std: "docker" "inspect" "63dc6595a34f9fac4462fd3ed1744e0d8ee55c4b7cf5da1ce5e1681c80d2e697", kill_on_drop: false }`
[INFO] running `Command { std: "docker" "rm" "-f" "63dc6595a34f9fac4462fd3ed1744e0d8ee55c4b7cf5da1ce5e1681c80d2e697", kill_on_drop: false }`
[INFO] [stdout] 63dc6595a34f9fac4462fd3ed1744e0d8ee55c4b7cf5da1ce5e1681c80d2e697
